{"id":407,"date":"2024-02-17T18:29:50","date_gmt":"2024-02-17T21:29:50","guid":{"rendered":"https:\/\/reneff.com.br\/?post_type=product&#038;p=407"},"modified":"2024-04-01T17:36:54","modified_gmt":"2024-04-01T20:36:54","slug":"bourbon-cat-adultos","status":"publish","type":"product","link":"https:\/\/reneff.com.br\/?product=bourbon-cat-adultos","title":{"rendered":"Bourbon Cat Adultos Premium Especial Sabor Frango &#038; Peixe"},"content":{"rendered":"<p class=\"p1\">A Bourbon Cat Premium Especial \u00e9 um alimento desenvolvido para satisfazer o paladar exigente dos gatos atrav\u00e9s das saborosas prote\u00ednas de aves e peixes, para maximizar sua nutri\u00e7\u00e3o, com um gr\u00e3o de tamanho espec\u00edfico para melhorar sua mastiga\u00e7\u00e3o, sendo um alimento balanceado com todas as vitaminas e minerais para a manuten\u00e7\u00e3o do organismo dos gatos adultos.<\/p>\n<p class=\"p1\">Toda a linha Bourbon \u00e9 enriquecida com prebi\u00f3ticos para o melhor funcionamento intestinal, \u00f4megas 3 &amp; 6 para auxiliar na hidrata\u00e7\u00e3o da pele e pelos sedosos, e com Extrato de Yucca para reduzir o mau cheiro das fezes. Al\u00e9m de ser deliciosa!<\/p>\n<h2>N\u00edveis de garantia<\/h2>\n<hr \/>\n<p><img fetchpriority=\"high\" decoding=\"async\" class=\"alignnone wp-image-705\" src=\"http:\/\/reneff.com.br\/wp-content\/uploads\/2024\/02\/gatos-1-300x219.png\" alt=\"\" width=\"757\" height=\"552\" srcset=\"https:\/\/reneff.com.br\/wp-content\/uploads\/2024\/02\/gatos-1-300x219.png 300w, https:\/\/reneff.com.br\/wp-content\/uploads\/2024\/02\/gatos-1-768x561.png 768w, https:\/\/reneff.com.br\/wp-content\/uploads\/2024\/02\/gatos-1-600x438.png 600w, https:\/\/reneff.com.br\/wp-content\/uploads\/2024\/02\/gatos-1.png 1000w\" sizes=\"(max-width: 757px) 100vw, 757px\" \/><\/p>\n","protected":false},"excerpt":{"rendered":"<p class=\"p1\">A Bourbon Cat Premium Especial \u00e9 um alimento desenvolvido para satisfazer o paladar exigente dos gatos atrav\u00e9s das saborosas prote\u00ednas de aves e peixes, para maximizar sua nutri\u00e7\u00e3o, com um gr\u00e3o de tamanho espec\u00edfico para melhorar sua mastiga\u00e7\u00e3o, sendo um alimento balanceado com todas as vitaminas e minerais para a manuten\u00e7\u00e3o do organismo dos gatos adultos.<\/p>\n<p class=\"p1\">Toda a linha Bourbon \u00e9 enriquecida com prebi\u00f3ticos para o melhor funcionamento intestinal, \u00f4megas 3 &amp; 6 para auxiliar na hidrata\u00e7\u00e3o da pele e pelos sedosos, e com Extrato de Yucca para reduzir o mau cheiro das fezes. Al\u00e9m de ser deliciosa!<\/p>\n","protected":false},"featured_media":801,"comment_status":"open","ping_status":"closed","template":"","meta":[],"product_brand":[],"product_cat":[27],"product_tag":[28],"class_list":{"0":"post-407","1":"product","2":"type-product","3":"status-publish","4":"has-post-thumbnail","6":"product_cat-racao-para-gatos","7":"product_tag-racao-para-gatos","9":"first","10":"instock","11":"shipping-taxable","12":"product-type-simple"},"_links":{"self":[{"href":"https:\/\/reneff.com.br\/index.php?rest_route=\/wp\/v2\/product\/407","targetHints":{"allow":["GET"]}}],"collection":[{"href":"https:\/\/reneff.com.br\/index.php?rest_route=\/wp\/v2\/product"}],"about":[{"href":"https:\/\/reneff.com.br\/index.php?rest_route=\/wp\/v2\/types\/product"}],"replies":[{"embeddable":true,"href":"https:\/\/reneff.com.br\/index.php?rest_route=%2Fwp%2Fv2%2Fcomments&post=407"}],"wp:featuredmedia":[{"embeddable":true,"href":"https:\/\/reneff.com.br\/index.php?rest_route=\/wp\/v2\/media\/801"}],"wp:attachment":[{"href":"https:\/\/reneff.com.br\/index.php?rest_route=%2Fwp%2Fv2%2Fmedia&parent=407"}],"wp:term":[{"taxonomy":"product_brand","embeddable":true,"href":"https:\/\/reneff.com.br\/index.php?rest_route=%2Fwp%2Fv2%2Fproduct_brand&post=407"},{"taxonomy":"product_cat","embeddable":true,"href":"https:\/\/reneff.com.br\/index.php?rest_route=%2Fwp%2Fv2%2Fproduct_cat&post=407"},{"taxonomy":"product_tag","embeddable":true,"href":"https:\/\/reneff.com.br\/index.php?rest_route=%2Fwp%2Fv2%2Fproduct_tag&post=407"}],"curies":[{"name":"wp","href":"https:\/\/api.w.org\/{rel}","templated":true}]}}